w/(-30) - (-61)/5. What is the greatest common divisor of 65 and n?
13
Suppose -45 = -7*n - 346. Let f be 1/(-3)*(-88 - n). Suppose 0*m = 3*m - 15. What is the greatest common divisor of f and m?
5
Let v(c) = -13*c + 2. Let n be v(-1). Calculate the greatest common divisor of 405 and n.
15
Suppose 72*b - 37*b - 2520 = 0. What is the highest common factor of b and 168?
24
Let z = 71 + -50. What is the greatest common factor of 203 and z?
7
Let j = 591 - 180. Suppose 4*q - 2*q = 3*s + j, -4*q = -2*s - 826. Calculate the highest common factor of q and 23.
23
Let a(w) = w - 2. Let k(v) = v - 1. Suppose 5*p + 8 = -2, 5*p = 4*h - 54. Let t be k(h). Let b be a(t). What is the greatest common factor of 8 and b?
8
Let c = 5492 - 5466. Let i = 76 + 2. What is the highest common factor of c and i?
26
Suppose -31*n + 22*n + 2835 = 0. What is the greatest common divisor of 189 and n?
63
Let q be (-3768)/(-48) - 6/(-4). Calculate the highest common factor of 600 and q.
40
Let t = 1111 + -212. What is the highest common divisor of t and 62?
31
Let w(d) = 66*d**2 - 39*d - 9. Let t be w(6). Calculate the highest common divisor of t and 79.
79
Let l be (3 - (47 - -1))*(-44)/33. Calculate the highest common factor of 1140 and l.
60
Let s be -5 + 4 + -7 + 3. Let r be s/(1 - (5 + -3)). Suppose -5*q + 0*q + 5 = 0. Calculate the greatest common factor of q and r.
1
Let w = -23 + 8. Let y = w - -24. What is the greatest common factor of y and 45?
9
Let l(s) = -2*s - 5. Let w be l(-5). Suppose -2*u - 17 = -87. Suppose 2*k - 11 = -4*q + u, q - w*k + 16 = 0. What is the highest common factor of 18 and q?
9
Let n be 4 - 4 - 2 - 1*-5. Let z(c) = 2*c**3 - 6*c**2 + 5*c. Let v be z(n). Calculate the greatest common divisor of v and 15.
15
Let v(h) = -h**3 - 6*h**2 + h + 6. Let c be v(-6). Suppose -25 = -c*w + 5*w. Let j be 318/30 + (-2)/w. What is the highest common divisor of 88 and j?
11
Let v(z) = -z - 48. Let f be v(-21). Let t = 22 - f. Calculate the highest common divisor of t and 7.
7
Let p = -1938 + 1997. What is the highest common divisor of p and 236?
59
Let q(c) = 3*c**2 - 6*c + 5. Suppose 3*t = 3*x - 3, -2*t = -5*t. Let a be q(x). Calculate the highest common divisor of 22 and a.
2
Let p = -122 - -54. Let r = 72 + p. Let v = 27 - 15. Calculate the greatest common divisor of v and r.
4
Suppose -6*u - 720 = -2*o - 2*u, -4*o - u = -1485. What is the highest common divisor of 518 and o?
74
Let u = -7490 - -7565. Let b(l) = -l**2 - l + 30. Let t be 0 + (-1 - -1)*1. Let g be b(t). What is the highest common divisor of u and g?
15
Suppose -2*h + 3*t = -2*t - 207, h + t - 86 = 0. Let u be 52 - (2 + -2)/(-1). Suppose -2*r = 2*r - u. What is the highest common factor of r and h?
13
Suppose -12*h + 36*h = 6840. Calculate the greatest common factor of 228 and h.
57
Suppose 3*s + 6 = 0, 188 = 3*z - 4*s - 330. Calculate the greatest common factor of z and 20.
10
Let a(t) = -t**2 - 28*t + 9. Let s be a(-11). Calculate the highest common factor of s and 882.
98
Let c = 15 - 12. Let y = 17 + c. Let q = -2 + y. Calculate the greatest common factor of q and 6.
6
Let d(s) = -3*s**3 - 2*s**2 + s - 2. Let g be d(-2). Let n be (2/(24/(-18)))/(1/(-4)). Calculate the greatest common divisor of n and g.
6
Let j = -27 - -33. Suppose h - j*h + 22 = 4*w, 3*h - 6 = 0. Suppose 18 = 3*u + 3*f, -w*u + 8*f = 4*f - 32. Calculate the greatest common divisor of u and 56.
8
Suppose -552 = 7*h - 4*h. Let u = h + 492. What is the greatest common factor of u and 28?
28
Let y = 20 - 13. Let l be (-8 + 18)/((-4)/(-22)). Suppose -4*h - d + l = 0, -d = -h + 4*d + 19. Calculate the greatest common divisor of y and h.
7
Let o be -5 - (0 - (2 - -2)). Let x be (-88)/32 + o/4. Let z be 2/(-3) - 272/x. Calculate the highest common factor of z and 10.
10
Let s(l) = -22*l - 55. Let g be s(-22). Calculate the greatest common factor of 11 and g.
11
Suppose -4*k - 2*o = -3*k - 17, 49 = 5*k + o. Suppose 0 = 3*p + k + 3. Let v be (p - -1) + (96 - 5). Calculate the highest common divisor of 8 and v.
8
Let s(n) = -n**3 + 6*n**2 - 4*n - 2. Let g be s(5). Suppose 0 = -5*o + g*o. Suppose -3*y + 130 - 10 = o. What is the greatest common divisor of y and 60?
20
Suppose f = 7*f. Let w be f + -1 + 0 - (-1 - 70). What is the highest common divisor of 10 and w?
10
Suppose 1018 = 8*g + 218. Calculate the highest common factor of 25 and g.
25
Let s = 1175 - 779. What is the highest common divisor of 44 and s?
44
Suppose 63 = 5*b - 3*p, -5*b + 52 + 9 = -p. What is the highest common divisor of b and 20?
4
Let s be ((-4)/6)/(1 - (-74)/(-72)). Calculate the highest common factor of 264 and s.
24
Suppose -2*x = -x - 5. Suppose 3*u = -0*u + 3*d - 3, -25 = -5*u - d. Suppose -x - u = -r. What is the greatest common divisor of r and 81?
9
Let k be 3 - (-1354 + (2 - 2)). Let o be k/161 + 6/(-14). What is the greatest common divisor of o and 8?
8
Suppose -18 = 3*n + c - 77, 3*c = 4*n - 83. Calculate the greatest common factor of 25 and n.
5
Suppose 527 + 3334 = 27*p. What is the greatest common factor of p and 22?
11
Let d be 2/(-6) + 14/6. Let t = -42 - -45. Suppose 7*p = t*p + 16. Calculate the highest common divisor of d and p.
2
Let l = -36 + 52. Calculate the highest common divisor of l and 256.
16
Let s(o) be the second derivative of 43*o**4/12 - 5*o**3/6 - 2*o**2 + 21*o. Let l be s(-1). Calculate the highest common factor of l and 33.
11
Suppose 115 = -8*u + 403. Calculate the greatest common factor of 60 and u.
12
Suppose -2*i - 5*l + 810 = 0, 3*i + 8*l - 6*l - 1215 = 0. What is the greatest common factor of 135 and i?
135
Let w be (-6)/(9 - 1260/138). Calculate the greatest common factor of 69 and w.
23
Suppose 3*o - 84 = p, 0 = -3*o - o - p + 112. Suppose 0 = 10*a - 12*a + o. What is the greatest common factor of a and 14?
14
Let k(d) = 21*d - 189. Let i be k(11). Calculate the highest common divisor of i and 56.
14
Let z = -27 + 63. Let n = 151 + z. What is the greatest common divisor of 17 and n?
17
Let t be 57/6 + (-8)/16. Suppose 0 = 5*f - 19 + t. Calculate the highest common divisor of 6 and f.
2
Suppose -5*b - 9 - 5 = 2*j, 4*j - 24 = 3*b. Let q = 28 + -28. Let v be (-180)/(-12) + (q - 3). Calculate the highest common factor of j and v.
3
Suppose -2*y = -2*j + 278, -4*j + 3*y - 6*y = -563. What is the greatest common divisor of 350 and j?
70
Let u(p) = -3*p - 9. Let n(i) = -2*i - 2. Let d be n(-2). Let h be 11/(-22) - 13/d. Let m be u(h). Calculate the greatest common divisor of 96 and m.
12
Let w be 0 - (-8367)/45 - (-5)/75. Calculate the greatest common factor of 155 and w.
31
Let h be (2/3)/(1/6). Let y be h/10 - 223/(-5). Let p = -8232 + 8237. Calculate the highest common divisor of y and p.
5
Suppose o = 6*o - 45. Let d be -60*5/((-125)/(-15))*-2. What is the greatest common factor of o and d?
9
Let q = -3867 - -4074. Let v be (-1)/(2/(-4)) - 16. Let o be (-4)/v + (-477)/(-21). What is the highest common factor of o and q?
23
Let x(j) = -2*j - 9. Let r be x(-7). Suppose -b = -r*b + 12. Let u be b + (-1)/(-2)*22. What is the greatest common factor of u and 2?
2
Suppose 4*f + 8 + 4 = 0, 3*f = 5*b - 2484. What is the highest common divisor of 45 and b?
45
Suppose -u + 181 = 3*i, -4*i + 223 = -2*u + 7*u. Calculate the highest common factor of i and 93.
31
Let y(d) = -3*d**2 + 24*d - 21. Let i be y(6). What is the highest common factor of 6 and i?
3
Let s = -1 + 10. Let c be (-1 - 0 - -16) + 37 + -34. Calculate the greatest common divisor of s and c.
9
Suppose w - 3*z = -2*z + 8, -2*w + 1 = -5*z. Let r(b) = b**3 - 14*b**2 + 12*b + 20. Let d be r(w). What is the highest common factor of d and 42?
7
Let h(g) = 3*g**3 - 8*g**2 + 20*g - 35. Let z be h(7). Calculate the greatest common factor of z and 318.
106
Let t(n) = 4*n**2 + 9*n - 1. Let c be t(-7). Let u be (-1*12/(-15))/(8/60). Suppose -u*m - 48 = -10*m. Calculate the greatest common factor of m and c.
12
Suppose 3*p - 2*r = 454 - 120, 2*p = -5*r + 229. What is the greatest common factor of 14 and p?
14
Suppose 15 = 5*i - 5, -3*p - i = -1867. Calculate the greatest common divisor of 54 and p.
27
Suppose -4*u - 2*s = -135 - 229, 2*s - 454 = -5*u. What is the highest common divisor of u and 126?
18
Let v be (-5)/15 + 4 - (-4)/(-6). Suppose -19*k + 1456 = -v*k. Calculate th